**2 - 16*a + 8. Give y(20).
88
Let n(f) = 21*f + 184. Calculate n(-9).
-5
Let i(r) = r**2 - 18*r + 37. Calculate i(15).
-8
Let y(n) = -8*n - 113. Calculate y(-14).
-1
Let j(d) = d**2 - 19*d + 44. Calculate j(16).
-4
Let c(m) = 7*m**2 - 5*m - 2. What is c(3)?
46
Let o(s) = -40*s - 1. Give o(1).
-41
Let y(h) = h**3 + 11*h**2 + 12. What is y(-11)?
12
Let h(d) = d**3 + 16*d**2 + 21*d + 77. Calculate h(-15).
-13
Let f(j) = -2*j**2 + 5*j + 195. Give f(11).
8
Let a(t) = t**3 + 3*t**2 - 3*t - 9. What is a(-4)?
-13
Let j(h) = -13*h - 23. What is j(-5)?
42
Let h(f) = f - 11. What is h(0)?
-11
Let v(f) = -8*f + 25. Calculate v(-8).
89
Let z(h) = -h**3 - 63*h**2 - 62*h - 5. Determine z(-62).
-5
Let y(v) = -25*v + 2. Determine y(3).
-73
Let o(v) = v**3 + 7*v**2 - 11*v + 27. Give o(-9).
-36
Let t(c) = -c**3 - 13*c**2 + 16*c + 25. Calculate t(-14).
-3
Let q(i) = 11*i**2 - i + 1. Determine q(1).
11
Let q(f) = -f**2 + 5*f + 8. What is q(7)?
-6
Let c(f) = 8*f + 7. Determine c(-2).
-9
Let i(p) = p**3 - 9*p**2 - 4*p + 7. Give i(9).
-29
Let z(x) = x**3 + 6*x**2 - 18*x - 11. Give z(-8).
5
Let d(w) = -2*w**2 - 16*w - 50. Give d(-4).
-18
Let j(h) = h**3 + 3*h**2 - 29*h + 1. Give j(-7).
8
Let h(d) = 3*d**2 + 28*d - 11. Determine h(-10).
9
Let k(y) = 17*y**2 - 30*y. What is k(2)?
8
Let i(f) = -f**3 - f**2 + f - 45. What is i(0)?
-45
Let o(v) = v**3 + 8*v**2 + v - 45. Calculate o(-7).
-3
Let n(r) = 4*r - 131. What is n(34)?
5
Let f(v) = -3*v + 5. What is f(6)?
-13
Let c(d) = -4*d - 6. Determine c(7).
-34
Let b(l) = -7*l**2 - 34*l - 4. What is b(-4)?
20
Let a(b) = -b**2 + 12*b. Calculate a(8).
32
Let x(b) = -9*b - 8. What is x(-6)?
46
Let s(v) = -5*v. Determine s(-4).
20
Let h(x) = -3*x**2 - 30*x - 43. Calculate h(-7).
20
Let s(o) = 2*o**3 + 5*o**2 + 3*o - 4. Calculate s(-3).
-22
Let k(c) = -11*c - 15. Calculate k(-3).
18
Let y(d) = d**2 + 9*d + 10. Give y(-8).
2
Let a(s) = -s**2 + 4*s + 5. Give a(7).
-16
Let m(t) = 11*t - 80. What is m(5)?
-25
Let p(v) = -v - 6. What is p(-7)?
1
Let n(w) = -w + 5. Give n(4).
1
Let r(q) = -q**3 + 22*q**2 - 16*q - 52. What is r(21)?
53
Let a(t) = 3*t + 13. Calculate a(11).
46
Let d(r) = -r**2 - 19*r - 64. What is d(-9)?
26
Let g(b) = -13*b + 41. Determine g(4).
-11
Let j(m) = m**2 + 11*m - 5. Determine j(-13).
21
Let x(d) = -d**2 - 12*d - 5. Give x(-11).
6
Let m(y) = y**3 + 3*y**2 - 12*y - 10. Calculate m(-5).
0
Let v(g) = -4*g - 12. Determine v(-5).
8
Let d(q) = -5*q - 4. Calculate d(-4).
16
Let u(w) = 17*w + 73. Determine u(-5).
-12
Let h(a) = -3*a**2 + 10*a - 37. What is h(7)?
-114
Let u(o) = 5*o + 7. Calculate u(-2).
-3
Let f(q) = -15*q**2 + 29*q + 2. What is f(3)?
-46
Let w(b) = -b**3 - 16*b**2 - 20*b - 78. What is w(-15)?
-3
Let q(w) = -w**2 + 3*w + 7. Determine q(5).
-3
Let u(r) = 20*r - 388. Calculate u(19).
-8
Let d(s) = -4*s**2 - 5*s - 5. Determine d(-2).
-11
Let x(j) = -3*j - 12. Give x(0).
-12
Let f(c) = -c**2 + 2*c + 3. Determine f(-3).
-12
Let n(f) = 4*f + 76. Determine n(-22).
-12
Let w(s) = s**2 - 21*s + 4. What is w(19)?
-34
Let y(f) = 5*f**2 + 7*f + 1. What is y(-1)?
-1
Let u(b) = 3*b - 4. Give u(8).
20
Let l(a) = a**2 - 6*a - 43. Give l(11).
12
Let o(k) = -3*k**2 + 143*k - 89. Give o(47).
5
Let l(q) = q**3 + q**2 + q - 1. Calculate l(2).
13
Let f(l) = l**2 - 20*l - 19. What is f(17)?
-70
Let n(k) = k**3 - k**2. Determine n(3).
18
Let z(f) = -f**2 - 4*f + 15. Calculate z(10).
-125
Let v(c) = -c + 9. Calculate v(8).
1
Let f(b) = b**3 + 17*b**2 + 17*b + 13. What is f(-16)?
-3
Let y(j) = -j**3 + 6*j**2 - 2*j + 19. Calculate y(6).
7
Let k(l) = 9*l - 167. What is k(19)?
4
Let u(f) = 4*f - 1. What is u(3)?
11
Let k(b) = b + 1. Determine k(2).
3
Let j(t) = t**3 + 13*t**2 - 11*t + 46. Give j(-14).
4
Let y(t) = -t**2 + 16*t - 59. What is y(7)?
4
Let f(z) = -z**2 + 27*z + 51. What is f(29)?
-7
Let g(t) = 2*t**2 + 56*t - 246. Give g(4).
10
Let r(n) = n**2 - 17. Determine r(-4).
-1
Let y(i) = i**2 - 2*i - 2. Calculate y(-4).
22
Let o(b) = -b**3 - b**2 + 2*b + 2. Determine o(0).
2
Let p(d) = -2*d - 3. Determine p(-17).
31
Let z(q) = -4*q - 17. What is z(-9)?
19
Let j(d) = -d + 3. Give j(28).
-25
Let s(c) = -c**3 - 13*c**2 - 22*c + 6. Determine s(-11).
6
Let p(n) = -5*n + 2. Determine p(-3).
17
Let y(z) = -z**2 - 5*z + 4. Give y(-6).
-2
Let c(h) = 2*h**2 + 3*h. Determine c(-3).
9
Let j(r) = r**2 - r. What is j(-2)?
6
Let j(p) = -p**3 + 30*p**2 - 27*p - 64. Determine j(29).
-6
Let o(u) = 2*u**3 + 3*u**2 - 54*u - 2. Determine o(-6).
-2
Let x(k) = 17*k - 163. What is x(10)?
7
Let c(l) = -l**2 - 28*l - 42. Give c(-24).
54
Let w(t) = t**2 + 12*t + 12. What is w(-9)?
-15
Let p(a) = -a**3 + 11*a**2 + 41*a + 7. What is p(14)?
-7
Let v(w) = 2*w**2 - 26*w + 31. Determine v(14).
59
Let i(c) = 18*c + 1. Calculate i(-2).
-35
Let n(l) = l**2 - 7. Give n(6).
29
Let c(r) = r**3 + 12*r**2 - 3*r - 7. Calculate c(-12).
29
Let p(s) = 2*s**2 - 29*s + 13. Give p(14).
-1
Let y(k) = -22*k - 238. Determine y(-11).
4
Let x(l) = l**3 + 7*l**2 + 11*l + 2. Give x(-8).
-150
Let v(w) = w**2 - 14*w - 391. Determine v(28).
1
Let h(m) = m**3 + 7*m**2 + 2*m - 6. Determine h(-6).
18
Let u(x) = -x**3 + 46*x**2 + 57*x - 463. Determine u(47).
7
Let c(m) = 20*m - 161. Give c(8).
-1
Let w(o) = -o + 11. What is w(-7)?
18
Let k(a) = -a**2 - 5*a - 5. Calculate k(-2).
1
Let d(l) = -l**3 - 10*l**2 + 11*l + 7. What is d(-11)?
7
Let x(s) = 4*s + 9. What is x(6)?
33
Let y(h) = 12*h + 4. Calculate y(2).
28
Let l(t) = 14*t - 11. Calculate l(2).
17
Let m(c) = -c**3 - 8*c**2 - 3*c - 12. Calculate m(-8).
12
Let o(d) = -7*d - 56. Give o(2).
-70
Let k(q) = -q**3 - 8*q**2 + 18*q + 6. Give k(-10).
26
Let d(v) = 3*v + 6. Give d(9).
33
Let g(m) = -2*m**2 + 20*m + 17. Calculate g(10).
17
Let s(j) = j**3 - 17*j**2 + 4*j - 13. What is s(17)?
55
Let g(s) = s**2 + 55*s + 153. Determine g(-51).
-51
Let t(m) = -m**2 + 23*m - 46. Calculate t(22).
-24
Let f(j) = j**3 - 7*j**2 + 5*j + 10. What is f(6)?
4
Let f(h) = 3*h**3 + 17*h**2 + 7*h - 14. Calculate f(-5).
1
Let f(w) = 3*w - 10. Determine f(16).
38
Let q(m) = -7*m. Determine q(-2).
14
Let j(t) = 2*t**2 - t + 1. Calculate j(2).
7
Let x(p) = p - 4. Calculate x(-11).
-15
Let a(m) = -m**2 - 6*m - 13. Determine a(-3).
-4
Let x(w) = -w**3 + 7*w**2 - w - 1. What is x(7)?
-8
Let b(j) = -2*j + 59. What is b(27)?
5
Let z(j) = j**2 + 7*j + 39. Determine z(-6).
33
Let u(i) = -2*i**2 - 23*i + 19. What is u(-13)?
-20
Let v(d) = -8*d - 134. Give v(-17).
2
Let f(x) = -x**3 + 3*x**2 + 4*x - 4. Give f(4).
-4
Let d(r) = 2*r - 13. What is d(2)?
-9
Let b(v) = -v + 7. What is b(-6)?
13
Let k(s) = -6*s + 64. What is k(10)?
4
Let y(v) = -6*v - 1. What is y(-5)?
29
Let z(o) = -o**3 + 7*o**2 - 1. Calculate z(7).
-1
Let x(m) = m**3 - 10*m**2 + m - 18. Determine x(8).
-138
Let s(j) = 7*j**2 - 3*j - 1. Determine s(-1).
9
Let p(j) = -j**3 - 4*j**2 + 3*j + 22. Determine p(-4).
10
Let i(y) = y**3 - 11*y**2 + 17*y + 6. Calculate i(9).
-3
Let w(j) = 13*j**2 + j - 1. Give w(2).
53
Let s(b) = b**3 - b**2 - 10*b + 16. Give s(3).
4
Let d(r) = -37*r + 43. Determine d(4).
-105
Let c(a) = a**2 - 20*a + 9. Calculate c(20).
9
Let g(r) = -r + 8. Give g(6).
2
Let r(a) = 76*a. What is r(1)?
76
Let m(c) = c**2 - 3*c - 58. What is m(-6)?
-4
Let b(a) = -a**2 + 6*a + 15. Calculate b(7).
8
Let c(t) = 57*t + 378. Give c(-7).
-21
Let b(t) = -t**3 + 22*t**2 - 19*t - 22. Determine b(21).
20
Let y(f) = 2*f**3 + 16*f**2 - 5*f + 15. Give y(-9).
-102
Let p(m) = m**2 - 3*m - 109. Determine p(13).
21
Let u(i) = -i**2 - 21*i - 83. Determine u(-12).
25
Let j(m) = -m**3 - 4*m**2 - 13*m - 59. Give j(-5).
31
Let r(c) = -2*c**2 + 3*c + 1. Calculate r(-4).
-43
Let h(u) = -u**3 - 5*u**2 + 5*u - 19. Calculate h(-6).
-13
Let v(b) = -3*b**3 + 112*b**2 - 37*b + 2. Determine v(37).
2
Let s(p) = 2*p**2 + 49*p + 68. Determine s(-23).
-1
Let b(z) = -z**3 - 5*z**2 + 3*z - 17. Give b(-6).
1
Let f(w) = w**3 + 2*w**2 - 7*w + 4. Determine f(-4).
0
Let w(t) = -5*t + 15. Calculate w(10).
-35
Let i(z) = 11*z**2 + z. What is i(-1)?
10
Let n(w) = 3*w - 20. Determine n(15).
25
Let x(d) = -d**3 - 14*d**2 + 30*d - 29. Calculate x(-16).
3
Let u(r) = 4*r + 7. Calculate u(13).
59
Let t(i) = i**3 + 3*i**2 - i + 4. Determine t(-7).
-185
Let m(l) = l + 19. Give m(-26).
-7
Let j(w) = -60*w + 13. Determine j(1).
-47
Let u(j) = -13*j**2 + 2*